st derivative of 3*k - 8/3*k**3 + 0*k**2 + 1/4*k**4 - 62. Let u = 3 + 5. Calculate w(u).
3
Let i(t) be the second derivative of 2*t**3/3 - 6*t**2 - 292*t - 2. What is i(-4)?
-28
Suppose -89*a - 129 - 405 = 0. Let f(g) = g**3 + 6*g**2 + g + 3. What is f(a)?
-3
Let i(u) = -u + 4. Suppose 15*g - 4*w = 11*g - 16, 2*w + 10 = -4*g. What is i(g)?
7
Let c(u) = -229 + 52*u + 26*u**2 - u**3 - 272 + 597. Determine c(28).
-16
Let l(w) = -16*w**2 - 3*w - 4. Let k(a) = -2*a**2 + 2*a. Let h(p) = 7*k(p) - l(p). Determine h(-7).
-17
Let y(b) = -36*b - 4. Suppose 20*o + 187 = 3*o. Let s(c) = c - 1. Let f(r) = -2*r - 6. Let v(z) = -f(z) + 5*s(z). Let l(p) = o*v(p) - 2*y(p). Determine l(3).
-18
Let q(c) = 29*c + 449. Let s(g) = -19*g - 290. Let h(x) = -5*q(x) - 8*s(x). Determine h(-10).
5
Let l(a) = -2*a**3 + 5*a**2 - 9*a + 17. Let s be l(4). Let p = -58 - s. Let z(v) = v**3 - 10*v**2 + 8*v + 2. What is z(p)?
-7
Let u(s) = 23*s**2 - 16*s - 30. Let c(z) = -12*z**2 + z - 2. Let k(o) = -2*c(o) - u(o). Calculate k(-11).
1
Let b(p) = p**2 - 7*p + 5. Let u be 2/(-5) + (1472/(-20) - 12). Let l = -50 - 43. Let q = u - l. What is b(q)?
5
Let i be 3 + (26 - 4)/(-2). Let k(s) = -s + 2. Let g(q) = 5*q - 5. Let h(z) = -2*g(z) - 9*k(z). Determine h(i).
0
Suppose -y + 231 = 6*y. Let c = 35 - y. Let x(t) = -15*t**c - t**3 + 7*t + 6 - 16*t**2 + 26*t**2. Give x(-6).
0
Let p(j) = 1036*j - 15 - 3105*j + 1032*j + 1036*j. Let b be (-8)/((2 - 6)/(-4)). Determine p(b).
-7
Let c(w) = -w - 7. Let l(b) = -2*b - 10. Let z(u) = 8*c(u) - 5*l(u). Suppose 0 = -41*v + 2560 + 3836. Suppose v + 60 = 54*k. Calculate z(k).
2
Let m(y) = -7*y**3 + 23*y**2 - 30*y + 7. Let j(r) = 8*r**3 - 25*r**2 + 33*r - 7. Let x(t) = -8*j(t) - 9*m(t). Let n = 16 - 24. Determine x(n).
9
Suppose 3*m = -6*r + 3*r + 81, 3*m + 5*r - 89 = 0. Let o(p) = -m*p - 3 + p**2 + 19*p + 1 + 1. What is o(3)?
-4
Let m = -20057 + 20085. Let c(x) be the third derivative of 0*x + 5/6*x**3 - 1/120*x**6 - 1/12*x**5 + 1/24*x**4 + m*x**2 + 0. Determine c(-5).
0
Let t(p) = -23*p - 1. Suppose -8 = 1021*k - 1013*k. Determine t(k).
22
Let r(n) = -n**3 - 8*n**2 - 7*n + 43. Let v be r(-7). Let z be 0 - 7 - (v + -13)/10. Let c(s) = -9*s**2 - 6*s**3 - 2 + 4*s**3 + s**3 + 10*s. Give c(z).
-2
Let a(o) = 24*o - 6. Let u be (-4)/(-86) + 4320/(-4128). Calculate a(u).
-30
Let a(w) be the first derivative of 4*w**3/3 - 5*w**2 + w + 89. Let b(g) = -g**2 + 2*g. Let l(t) = -a(t) - 5*b(t). What is l(3)?
8
Let j(k) = 9*k**3 + 39*k**2 - 27*k - 17. Let l(w) = -11*w**3 - 44*w**2 + 28*w + 17. Let d(c) = 6*j(c) + 5*l(c). What is d(12)?
7
Let j(y) = 41*y - 7. Let l(r) = 5*r - 1. Let c(x) = -j(x) + 6*l(x). What is c(-3)?
34
Suppose 7*h + 1471 = 1485. Let n be (7 - -1 - 2) + 0. Let j(p) = p**h - 8 + 7 - n*p + 7. What is j(4)?
-2
Let d(h) = h**3 - 3*h**2 - 2*h. Suppose q = -3*q + 28. Let w = 1649 + -1647. Suppose -15 = w*j - q*j. Determine d(j).
-6
Let i(z) be the first derivative of -2/3*z**3 + 23/2*z**2 - 1/12*z**5 - 1/6*z**4 + 38 + 0*z - 1/120*z**6. Let q(m) be the second derivative of i(m). Give q(-3).
-10
Let i = -3945 + 3941. Let a(v) = 3*v**3 + 5*v**2 + 5*v + 2. Let h(y) = -7*y**3 - 11*y**2 - 10*y - 3. Let z(f) = -5*a(f) - 2*h(f). Calculate z(i).
32
Let r(z) = -z**2 - 7*z - 3. Suppose 4 - 2 = 4*y - 2*h, 4*y = -4*h - 28. Let c = y + -5. What is r(c)?
-3
Let o(w) = -w**3 - w**2 - 8. Suppose -2*h + 17 = -23. Suppose u - h = 5*b, 4*u - 14 - 2 = 4*b. What is o(u)?
-8
Let k(v) be the third derivative of 21*v**4/8 + 2*v**3 + 6122*v**2. Calculate k(-2).
-114
Let t(c) be the third derivative of c**4/8 - c**3/2 - c**2. Suppose -4*m + 203 = -5*l, 0 = -m - 3*l + 73 - 18. Suppose 2*o = -48 + m. Calculate t(o).
3
Let g(n) = -n**2 - n - 1. Let r(l) = 25*l - 105. Let h be r(5). Suppose -17*c + 21*c + h = 0. Determine g(c).
-21
Suppose 57*y - 76 = 38*y. Let j(m) = 13*m + 5. Give j(y).
57
Let c(b) = -10*b**2 + 10*b - 10. Let n(f) = -17*f**2 + 21*f - 21. Suppose -5*d - l = -17, 18 = 4*d + 2*l + l. Let i(u) = d*n(u) - 5*c(u). Give i(9).
23
Let u = 3025 + -3020. Let y(i) = -13*i - 19. Determine y(u).
-84
Let c(j) = -j**2 + 9*j + 85. Let p = 3894 + -3900. Determine c(p).
-5
Let t be 6*(-8)/60*5. Let o be (t - (4 + -2))/(-2). Let v be o*(-4)/6 - 2. Let p(r) = -r**2 - 2*r + 3. Give p(v).
-5
Suppose -2*f - 6 = f. Let g(h) = 7*h**2 - h + 2. Suppose -8*t - 6*t = -56. Let s(v) = 20*v**2 - 3*v + 5. Let b(y) = t*s(y) - 11*g(y). Give b(f).
12
Let d(q) = q**2 - 4*q - 4. Suppose -4*b - 12 = 2*j - 22, -5*b = -4*j + 33. Suppose -14*o + 13*o + j = 0. Give d(o).
17
Let b(s) = 1021425*s**2 + 5 - 1 + s - 1021428*s**2 - 3. Give b(-1).
-3
Let u(r) = -r**3 + 46*r**2 - 124*r - 18. Let l be u(3). Let w(p) = 23*p + 7. What is w(l)?
-62
Let n = 447 - 445. Suppose -5*g + n = 3*k + 18, k = 5*g + 28. Let r(p) = p**3 - 2*p**2. Determine r(k).
9
Let z(c) = 880 + 15*c - 8*c - 6*c - 890. What is z(14)?
4
Let l(u) = -u**2 + 8*u - 4. Let q be l(6). Suppose z = -2*d - 1, 7*z - 24 = 6*z + 3*d. Let r(p) = -z - 9 + 19 + p**3 + q*p**2 - p. Give r(-8).
9
Suppose 15*v - 52 = -22. Let x(m) = -16*m**2 + m**v + 3*m**2 + 6*m**2. Let h = 25 - 26. Calculate x(h).
-6
Let r be (-44)/(-1) - 39/13. Suppose -77 = 6*c - r. Let l(o) = o**3 + 5*o**2 - 6*o - 7. Calculate l(c).
-7
Let q(s) = 14*s**2 + 84*s - 29. Let l(w) = 5*w**2 + 30*w - 10. Let m(p) = 11*l(p) - 4*q(p). Give m(4).
-34
Suppose -6*m - 1 = 5. Let h(z) = -4*z**2 - 6*z - 5. Let p(q) = -q**2 - q - 1. Let j(b) = m*h(b) + 6*p(b). Give j(4).
-33
Let d be 5/(-25) - (-19)/(-5). Let p be ((-24)/90 + d/3)*-5. Let t(c) = c**3 - 7*c**2 - 9*c + 11. What is t(p)?
3
Let d(r) = 127*r - 6 + 126*r + 125*r + 132*r - 502*r. Give d(-3).
-30
Let w = 1 - -27. Suppose 32*a - 32 = w*a. Suppose -a + 5 = -j. Let x(g) = 2*g**2 - 4*g. Give x(j).
6
Let u(i) = i + 4. Let h(w) = 3*w + 8. Let z(l) = 2*h(l) - 7*u(l). Give z(-18).
6
Suppose 0 = -3*j - 5*h + 16, 4*j - 2 - 14 = -4*h. Let w(z) = 12*z - 1 - 3 - z**j - 23*z + 15*z. Determine w(4).
-4
Let a(i) be the second derivative of 7/120*i**5 + 4*i**3 - 1/360*i**6 + 0 - 5/24*i**4 + 0*i**2 - 4*i. Let w(u) be the second derivative of a(u). Give w(6).
1
Let p(l) = -2*l**2 - 3*l. Suppose 0 = v - 5, -4*r + v + 3*v - 8 = 0. Let k be (0/(4 - 5))/r. Suppose -4*s - 4*b - 24 = k, -b - 15 = 3*s + b. What is p(s)?
-9
Suppose -25 = 2*f - 2*x - 43, 4*x = 5*f - 38. Let j(r) be the third derivative of 0*r - 32*r**f - 1/24*r**4 + 0 - 1/2*r**3. Calculate j(-3).
0
Let w(o) = -2934*o + 1463*o - o**3 + 2 + 8*o**2 + 1462*o + 1. Determine w(7).
-11
Let q be 4 + (-5 - -15) - 3. Let p(t) = 5*t - 3*t - q + 6 - t. Suppose -4*w = 1 - 17. What is p(w)?
-1
Let g(l) be the first derivative of -3 - 13/2*l**2 + 0*l + 3/2*l**3 - 1/12*l**4. Let j(k) be the second derivative of g(k). Calculate j(7).
-5
Suppose -4*q = 4*q - 248. Let j = 43 - q. Let n(v) = j + 10 - 23 + 3*v. Calculate n(1).
2
Let s be 0/(1 + 4 - 2). Let r(i) be the third derivative of 0*i + s + 1/30*i**5 + 5/6*i**3 + 1/6*i**4 + 9*i**2 - 1/120*i**6. What is r(4)?
-11
Suppose 0 = 6*p + 27 - 3. Let q be (-240)/90*(-2)/(p/3). Let y(n) = n + 3*n + 9 - 3*n. Calculate y(q).
5
Let p(f) = 8*f + 3. Let d(v) = 2. Let a(h) = -3*d(h) + 3*p(h). Let t(q) = -18*q - 2. Let j(l) = 5*a(l) + 7*t(l). Determine j(-1).
7
Let g(b) = -b**3 + 3*b**2 + 3. Let i = -257 - -175. Let k = -84 - i. Let p be 1 + k - (-2 + -3). Determine g(p).
-13
Let q(k) = -4*k - 221. Suppose -5*o - 5 + 60 = -6*o. Give q(o).
-1
Let r = -52 + 52. Let h(f) = 8 + 3 + r + 0 + f. Suppose -4*v - 2*v = -7*v. What is h(v)?
11
Suppose x + 1 = 0, -4*x - 3 = -4*s + 5. Let c(p) = 2*p + s + 2 + 2*p - 3*p. Suppose -5*u + 35 = 5*f, -13 = 5*f - 8*f - u. Give c(f).
6
Let w be (-3)/6*(-2 + -4). Let s(y) = y**2 + y + 1 + 5*y**3 + w - 6*y**3. Let l(v) = -3*v**2 - 14*v + 40. Let f be l(2). Calculate s(f).
4
Let m(x) be the third derivative of 0*x - 18*x**2 - 1/15*x**6 + 0 + 0*x**5 + 1/6*x**3 + 1/12*x**4. Suppose -4*k - 5 = k. Give m(k).
7
Let x(f) = f**3 - 4*f**2 + 3*f - 6. Let l be (-4 - 0/(-2))*-1. Let m be x(l). Let j be m/18*-3*3. Let k(w) = 3*w + 1. Determine k(j).
-8
Let p(d) be the third derivative of d**5/20 - d**4/24 - d**3/6 + 18*d**2. Let q(h) = -4*h + 7. Let b = 14 + -12. Let g be q(b). Give p(g).
3
Let g be ((-2 - -1) + -4)*1. Let q = 5 + g. Let i(b) = 6*b**2 + 15*b + 24. Let y(z) =